hen h is divided by 9.
6
Suppose 0 = -2*z - 6, 3*d + 94 = 2*z + 388. Suppose 2*r - d = -5*p + p, 2*p = 4*r + 38. What is the remainder when 137 is divided by p?
22
Let r = -29 + 78. Calculate the remainder when r is divided by (-25)/(-100)*(52 + 0).
10
Suppose -2*x = -2 - 16. What is the remainder when (-322)/(-21)*3 - 3 is divided by x?
7
Let w(b) = 3*b**2 - 4*b - 5. Let a be -10*(0 + (-4)/8). What is the remainder when w(a) is divided by 26?
24
Let m(r) = 3*r**2 - 16*r + 8. What is the remainder when m(8) is divided by 19?
15
What is the remainder when 48 is divided by ((-10)/(-4))/(4/8)?
3
Let z be 187 + 4/(8/(-6)). Let h = z + 18. What is the remainder when h is divided by 41?
38
Suppose 2*m + 58 = 2*s + 4*m, 0 = -5*s - 2*m + 142. What is the remainder when 127 is divided by s?
15
Let v = -300 + 466. What is the remainder when v is divided by 9?
4
Let g(a) = 19*a - 8. What is the remainder when g(1) is divided by 11?
0
Let t = -95 + 125. Suppose -t*r = -27*r - 264. Calculate the remainder when r is divided by 24.
16
Suppose 275 + 595 = 6*v. Calculate the remainder when v is divided by 22.
13
Suppose 0*h - 3 = -h. Suppose 0 = -h*s - 0*s + 6. Calculate the remainder when ((-4)/(-6))/(2/21) is divided by s.
1
Let o be ((-54)/(-4))/((-30)/40). Calculate the remainder when 88 is divided by 3/o*2*9 - -33.
28
Suppose 5*y + 4 = -6. Suppose 0 = 3*q - 16 + 1. Calculate the remainder when (-42)/(-6) - (1 + y) is divided by q.
3
Let b = 52 + -49. Calculate the remainder when 15 is divided by b.
0
Let h = 1583 - 1572. Calculate the remainder when 44 is divided by h.
0
Let v(q) = q**3 + 55*q**2 + 53*q + 15. Calculate the remainder when 686 is divided by v(-54).
65
Let y(v) = 17*v - 285. Calculate the remainder when y(17) is divided by (-3)/(-2 - (0 + -1)).
1
Suppose -10 = 5*k, 0*j - 5*k + 516 = 2*j. Suppose 5*a = 4*i - j, 140 = i + 4*a + 48. What is the remainder when i is divided by 15?
12
Suppose -1 = -h + 4*v - 5, v = -2*h + 10. Suppose -5*c = h*i + 9 - 0, 3*c - i + 19 = 0. Let l(g) = -3*g + 6. Calculate the remainder when l(c) is divided by 12.
9
Calculate the remainder when 59 is divided by 182/13*(-24)/(-21).
11
Suppose -22*c - 2241 = -11327. Calculate the remainder when c is divided by 26.
23
Let q = -14 + 35. Suppose 36 + 64 = 3*j - 2*c, 8 = 2*c. Let k = j - q. Calculate the remainder when 42 is divided by k.
12
Let z(r) be the second derivative of -7*r**2 - 2*r + 0 - 2/3*r**3. Calculate the remainder when 51 is divided by z(-8).
15
Let j be 1/(-2) + ((-1)/2 - -1). Suppose -2*n + n + 5*u + 3 = j, n = -2*u + 17. What is the remainder when 25 is divided by n?
12
Let a(n) = n**3 + 7*n**2 + 4*n - 8. What is the remainder when ((-17)/(-119))/((-2)/7)*-30 is divided by a(-6)?
3
Let v(l) = l**2 + 12*l + 15. Let m be v(-11). Suppose 5*r = 4*x - 393, -m*r = x - 3*r - 87. What is the remainder when x is divided by 24?
20
Suppose -161 = -3*b + 5*p, -10*b = -12*b + 4*p + 106. What is the remainder when 171 is divided by b?
0
What is the remainder when 59 is divided by 60/(-40)*(-1 + -13)?
17
Suppose m + 5*i + 19 - 1 = 0, 18 = -m - 4*i. What is the remainder when 73 is divided by ((-6)/m)/(2/66)?
7
Suppose 0 = -5*g + 6 - 31, 5*g + 56 = u. What is the remainder when u is divided by 17?
14
Suppose -i + 3*i = 16. Let k(a) = a**3 - 6*a**2 + 5*a - 27. Let w be k(6). Suppose -13 = -w*x + i. Calculate the remainder when 11 is divided by x.
4
What is the remainder when 4992/(-39)*(1/(-2) + 0) is divided by 20?
4
Suppose 34*i - 624 = 2062. What is the remainder when i is divided by 23?
10
Let p(b) = -3*b**2 - 46*b - 5. What is the remainder when 75 is divided by p(-15)?
5
Let w = 5 + -2. Let z(x) = 3 - 2 + 2*x + 1 - w. What is the remainder when 25 is divided by z(7)?
12
Suppose 3*b - 4940 = 5080. Calculate the remainder when 4/(-18) - (b/9)/(-5) is divided by 38.
36
Let n(r) = -r**3 + 18*r**2 + 41*r - 1. Let q be n(20). Let x = 1 + q. What is the remainder when 51 is divided by x?
11
Let o(u) = 4*u**2 - 2*u - 1. Let h be o(-1). Let j be (6 - h)*(-6)/(-2). Suppose j*s + 7 = 25. What is the remainder when 23 is divided by s?
5
Suppose 26 = 4*s - 2. Let g(f) = 4*f**2 - 16*f - 20. Let w be g(-12). Calculate the remainder when w/33*(-3)/(-2) is divided by s.
6
Suppose -2*g + 734 + 26 = -4*k, 4*g - 4*k - 1524 = 0. Calculate the remainder when g is divided by 35.
32
Let x(i) = 3*i**3 - 2*i**2 - 3*i - 23. Calculate the remainder when x(4) is divided by 53.
19
Let m(z) be the second derivative of z**3/6 + 31*z**2/2 + 12*z. What is the remainder when 51 is divided by m(-13)?
15
Suppose 2*m + 48 = 2*g, -2*m = -3*g + 3*m + 82. Calculate the remainder when g is divided by 11.
8
Suppose 0 = 4*w + 656 - 1124. Calculate the remainder when w is divided by 11.
7
Let i = -2 - -174. Calculate the remainder when i is divided by 22.
18
Suppose 0*u + 56 = 4*u. Let r(y) = 3*y - 5. Let s be r(10). What is the remainder when (35/s + -1)*65 is divided by u?
12
Suppose 0 = -f - 5*l + 11 + 10, 10 = -5*f - 2*l. Suppose -3*c + 3*k - 1 = -4*c, 0 = 4*c + 2*k - 4. What is the remainder when 4 - f/(-12)*9 is divided by c?
0
Suppose -5*w + 0*w - 3*m - 12 = 0, 0 = -2*w + 4*m + 16. Let o = 9 - w. What is the remainder when 25 is divided by o?
7
Let v be 155/3 - 6/9. Let a = 90 - v. What is the remainder when a is divided by (-6)/33 + 156/11?
11
Suppose p = -0*p + 1, c + 3 = 5*p. What is the remainder when ((-7)/(-2) + c)*6 is divided by 94/5 + (-16)/20?
15
Let t(j) = -4*j + 15. Let y be t(3). Calculate the remainder when 88 is divided by ((-26)/4)/(y/6*-1).
10
Suppose t = -r + 29, 0 = -4*r - 3*t + 4*t + 121. Calculate the remainder when 108 is divided by r.
18
Let i(o) = -o**3 + 27*o**2 - 47*o - 61. Suppose 3*y - 147 - 54 = 0. Calculate the remainder when y is divided by i(25).
11
Let h = 896 + -842. What is the remainder when h is divided by 3?
0
Let c(h) = h**3 - 7*h**2 + 10*h + 4. Let s be c(5). Suppose 0*d = -2*d - 3*m + 76, 152 = s*d - 3*m. What is the remainder when 108 is divided by d?
32
What is the remainder when 12/4 + -2 - -90 is divided by 31?
29
Suppose 5*o - 994 - 61 = 0. Let g = o + -59. Calculate the remainder when 41 is divided by 16/56 + g/7.
19
Let a(p) = 6 - 2 + 3*p**2 + 0*p**2. Suppose -12 = 2*n + 4*q - 48, 3*q = 3*n - 9. Calculate the remainder when a(3) is divided by n.
7
Suppose 2321 = 22*h + 913. Calculate the remainder when h is divided by 10.
4
Suppose 0 = 3*k + 12 + 15. Let w = k + 28. What is the remainder when 37 is divided by w?
18
Suppose 2*y - 1 = -3*n + 22, 19 = y + 3*n. Suppose y*w + m = -22 + 77, -6 = -2*m. Calculate the remainder when w is divided by 5.
3
Let o(u) = 76*u + 51. Calculate the remainder when o(2) is divided by 2 + -3 + 2 - -50.
50
Let b = 43 - -5. Let y = 52 + -35. Calculate the remainder when b is divided by y.
14
Let y(c) be the first derivative of c**3/3 - c**2 - 16*c + 1. Suppose -2*n = -4, 7 = r + 4*n + 4. Calculate the remainder when 55 is divided by y(r).
17
Suppose 2*g - 3*x - 12 - 5 = 0, 2*g = -x + 5. Suppose 3 = 2*o - 7, -z - g*o = -24. Calculate the remainder when 112 is divided by z/(-16)*-4 - -28.
25
Let f be 1 + (-16)/(-88) + 158/(-22). Let h(i) = i**2 + 5*i + 19. Calculate the remainder when h(f) is divided by (5 - (4 + -2)) + 10.
12
Let v = -34 - -41. Suppose -5*w + 4 = -v*z + 3*z, -4 = -w. What is the remainder when 6 is divided by z?
2
Let m(q) = 0*q - 1 + q + q. Let g be m(4). Let b = g + -4. Calculate the remainder when b is divided by 3.
0
Let p = 76 + -46. What is the remainder when (10/p)/((-2)/(-72)) is divided by 7?
5
Suppose -4*u + 5*w = -63 - 30, 3*u - 5*w - 71 = 0. Suppose 252 = 4*z + 2*b, 3*z = 2*z - 3*b + 68. What is the remainder when z is divided by u?
18
Suppose 3*p + 3*o + 48 = 27, 4*p = 2*o + 2. Let r be 2*6 - (0 - -1). Let i = r + p. Calculate the remainder when 33 is divided by i.
6
Suppose 0 - 12 = -3*z, -4*z - 53 = -3*l. Let c = 48 - 41. Suppose 0*y - 5*p = -y - c, -11 = -y - p. Calculate the remainder when l is divided by y.
7
What is the remainder when ((-2790)/75)/((-2)/5) is divided by 51?
42
Let x(k) = k**2 + 7*k - 3. Let v be x(-8). Suppose -34 = -v*u + d, -2*u = 2*d - 6*d - 10. What is the remainder when 32 is divided by u?
4
What is the remainder when ((-12)/6)/(2/(-143)) is divided by 24?
23
Let c be 